{"id":2833,"date":"2024-05-24T15:10:50","date_gmt":"2024-05-24T15:10:50","guid":{"rendered":"https:\/\/octaviocordero.gob.ec\/?page_id=2833"},"modified":"2024-05-29T16:43:41","modified_gmt":"2024-05-29T16:43:41","slug":"historia-new","status":"publish","type":"page","link":"https:\/\/octaviocordero.gob.ec\/index.php\/historia-new\/","title":{"rendered":"Historia-new"},"content":{"rendered":"\t\t<div data-elementor-type=\"wp-page\" data-elementor-id=\"2833\" class=\"elementor elementor-2833\" data-elementor-post-type=\"page\">\n\t\t\t\t<div class=\"elementor-element elementor-element-f05347f e-flex e-con-boxed e-con e-parent\" data-id=\"f05347f\" data-element_type=\"container\" data-settings=\"{&quot;background_background&quot;:&quot;classic&quot;,&quot;shape_divider_bottom&quot;:&quot;triangle-asymmetrical&quot;,&quot;shape_divider_bottom_negative&quot;:&quot;yes&quot;}\">\n\t\t\t\t\t<div class=\"e-con-inner\">\n\t\t\t\t<div class=\"elementor-shape elementor-shape-bottom\" data-negative=\"true\">\n\t\t\t<svg xmlns=\"http:\/\/www.w3.org\/2000\/svg\" viewBox=\"0 0 1000 100\" preserveAspectRatio=\"none\">\n\t<path class=\"elementor-shape-fill\" d=\"M737.9,94.7L0,0v100h1000V0L737.9,94.7z\"\/>\n<\/svg>\t\t<\/div>\n\t\t\t\t<div class=\"elementor-element elementor-element-29564e1 elementor-widget elementor-widget-heading\" data-id=\"29564e1\" data-element_type=\"widget\" data-widget_type=\"heading.default\">\n\t\t\t\t<div class=\"elementor-widget-container\">\n\t\t\t<style>\/*! elementor - v3.21.0 - 20-05-2024 *\/\n.elementor-heading-title{padding:0;margin:0;line-height:1}.elementor-widget-heading .elementor-heading-title[class*=elementor-size-]>a{color:inherit;font-size:inherit;line-height:inherit}.elementor-widget-heading .elementor-heading-title.elementor-size-small{font-size:15px}.elementor-widget-heading .elementor-heading-title.elementor-size-medium{font-size:19px}.elementor-widget-heading .elementor-heading-title.elementor-size-large{font-size:29px}.elementor-widget-heading .elementor-heading-title.elementor-size-xl{font-size:39px}.elementor-widget-heading .elementor-heading-title.elementor-size-xxl{font-size:59px}<\/style><h2 class=\"elementor-heading-title elementor-size-default\">ADMINISTRACI\u00d3N 2023 - 2027<\/h2>\t\t<\/div>\n\t\t\t\t<\/div>\n\t\t\t\t<div class=\"elementor-element elementor-element-349c07d elementor-widget elementor-widget-heading\" data-id=\"349c07d\" data-element_type=\"widget\" data-widget_type=\"heading.default\">\n\t\t\t\t<div class=\"elementor-widget-container\">\n\t\t\t<h2 class=\"elementor-heading-title elementor-size-default\"><h1 style=\"margin-bottom: 0px; padding-bottom: 10px; font-size: 68px; text-size-adjust: 100%; background-image: initial; background-position: initial; background-size: initial; background-repeat: initial; background-attachment: initial; background-origin: initial; background-clip: initial; line-height: 1.1em; font-weight: 500; font-family: &quot;Cormorant Garamond&quot;, Georgia, &quot;Times New Roman&quot;, serif; font-style: normal; white-space-collapse: collapse; color: rgb(255, 255, 255) !important;\"><span style=\"margin: 0px; padding: 0px; border: 0px; outline: 0px; text-size-adjust: 100%; vertical-align: baseline; background: transparent; font-family: Chivo;\">Historia<\/span><\/h1><\/h2>\t\t<\/div>\n\t\t\t\t<\/div>\n\t\t\t\t\t<\/div>\n\t\t\t\t<\/div>\n\t\t<div class=\"elementor-element elementor-element-2259d8a e-flex e-con-boxed e-con e-parent\" data-id=\"2259d8a\" data-element_type=\"container\">\n\t\t\t\t\t<div class=\"e-con-inner\">\n\t\t<div class=\"elementor-element elementor-element-331dd2d e-con-full e-flex e-con e-child\" data-id=\"331dd2d\" data-element_type=\"container\">\n\t\t\t\t<div class=\"elementor-element elementor-element-3b948dd elementor-widget elementor-widget-text-editor\" data-id=\"3b948dd\" data-element_type=\"widget\" data-widget_type=\"text-editor.default\">\n\t\t\t\t<div class=\"elementor-widget-container\">\n\t\t\t<style>\/*! elementor - v3.21.0 - 20-05-2024 *\/\n.elementor-widget-text-editor.elementor-drop-cap-view-stacked .elementor-drop-cap{background-color:#69727d;color:#fff}.elementor-widget-text-editor.elementor-drop-cap-view-framed .elementor-drop-cap{color:#69727d;border:3px solid;background-color:transparent}.elementor-widget-text-editor:not(.elementor-drop-cap-view-default) .elementor-drop-cap{margin-top:8px}.elementor-widget-text-editor:not(.elementor-drop-cap-view-default) .elementor-drop-cap-letter{width:1em;height:1em}.elementor-widget-text-editor .elementor-drop-cap{float:left;text-align:center;line-height:1;font-size:50px}.elementor-widget-text-editor .elementor-drop-cap-letter{display:inline-block}<\/style>\t\t\t\t<p>OCTAVIO CORDERO PALACIOS(<strong>SANTA ROSA)<\/strong><\/p><p>Esta parroquia se fund\u00f3 con denominaci\u00f3n propia y conocida el d\u00eda 04 de agosto del a\u00f1o del Se\u00f1or 1854 por orden del se\u00f1or Gobernador del Azuay Dr. Jos\u00e9 Mar\u00eda Rodr\u00edguez Parra, fundaci\u00f3n aprobada por la autoridad eclesi\u00e1stica de ese entonces.<\/p><p>Esta parroquia fue fundada para honrar a la gloriosa Patrona Santa Rosa de Lima, a cuya sombra bienhechora se estableci\u00f3 el pueblo, compuesto en casi su totalidad de gente ind\u00edgena.<\/p><p>Llacao, Santa Rosa, Sidcay y Checa desde un principio pertenec\u00edan a la jurisdicci\u00f3n de la parroquia urbana de San Blas, al desmembrarse Sidcay para constituirse en nueva parroquia por rescripto de su majestad Carlos III Rey de Francia, Llacao, Santa Rosa, Checa fueron adjudicados a la nueva jurisdicci\u00f3n en calidad de anejos.<\/p>\t\t\t\t\t\t<\/div>\n\t\t\t\t<\/div>\n\t\t\t\t<\/div>\n\t\t\t\t\t<\/div>\n\t\t\t\t<\/div>\n\t\t<div class=\"elementor-element elementor-element-1ef44a5 e-flex e-con-boxed e-con e-parent\" data-id=\"1ef44a5\" data-element_type=\"container\">\n\t\t\t\t\t<div class=\"e-con-inner\">\n\t\t\t\t<div class=\"elementor-element elementor-element-5408a65 elementor-widget elementor-widget-text-editor\" data-id=\"5408a65\" data-element_type=\"widget\" data-widget_type=\"text-editor.default\">\n\t\t\t\t<div class=\"elementor-widget-container\">\n\t\t\t\t\t\t\t<p>El 15 de diciembre de 1923, fecha en la que vino el cura interino Dr. Oscar Gonzales Zabaleta quien viendo el crecido n\u00famero de feligreses que quedaban sin poder o\u00edr misa los domingos, por ser muy reducido el templo, determin\u00f3 hacer otra abriendo el antiguo, es decir en el mismo sitio, en efecto en menos de un a\u00f1o hizo esta obra empleando materiales frescos especialmente los adobes que apenas empezaban a secar, por lo que un domingo, a los seis meses m\u00e1s o menos estaba el cura de la parroquia el se\u00f1or cura Lozano cuando celebraba la misa dominical de las once se sinti\u00f3 un peque\u00f1o temblor que destruy\u00f3 el templo fabricado con material fresco, quedando en consecuencia cuarteadas completamente las paredes y vini\u00e9ndose al suelo una parte del frontis sin desgracia que lamentarse; el 27<br \/>de julio de 1943 fue construido el nuevo templo, los adobes se trabajaron en las tejer\u00edas y en Azhapud.<\/p><p>Los l\u00edmites eclesi\u00e1sticos eran: con D\u00e9leg, el antiguo camino de Cuenca, por el pie de Guavizhun pasa por la Raya, Ornapala hasta el cerro; con Checa, el r\u00edo Paluncay y con una quebrada llamada Gahui\u00f1a que da con Sidcay, las quebradas Champus-guaico, Tocte guaico y una l\u00ednea que pasa por la casa del se\u00f1or Francisco Jara hasta dar con Paluncay; la parte del cerro limita siguiendo la cordillera de Tipo, Jabas guaico hasta Millma-cruz y la quebrada de Faldiquera que desemboca en el r\u00edo Chini o D\u00e9leg.<\/p><p>Esta parroquia contaba con cinco mil habitantes indios y es la \u00fanica de toda la Rep\u00fablica del Ecuador, que no tiene haciendas o se\u00f1ores hacendados o patrones, aqu\u00ed el indio es libre en toda la acepci\u00f3n de la palabra y habla el idioma castellano como quichua.<\/p><p>Muy pronto esta parroquia ser\u00e1 centro de comercio cuando tenga la carretera, aqu\u00ed llega al m\u00e1ximo el sombrero de toquilla, quiz\u00e1 unos dos mil unidades por semana, en igual forma las quince tejer\u00edas que abastecen de ladrillos y tejas a los pueblos vecinos, se agregan las minas de cal y m\u00e1rmol, las producciones de esta parroquia en agricultura son imponderables toda clase de cereales de los que hacen dos cosechas por a\u00f1o.<\/p><p>El 5 de mayo del a\u00f1o de 1870 naci\u00f3, en una humilde casa contigua a la iglesia, el notable hombre p\u00fablico y de letras Dr. Dn. Octavio Cordero Palacios, hijo de los se\u00f1ores Vicente Cordero Crespo y do\u00f1a Rosa Palacios Alvear.<\/p><p>Entre las obras in\u00e9ditas de este var\u00f3n ilustre hay una obra titulada \u201cUna modesta vida, once memorias de Octavio Cordero Palacios\u201d, de cuyas p\u00e1ginas entresacamos las siguientes l\u00edneas \u201cvine al mundo en el actual caser\u00edo de la Parroquia Santa Rosa de Cuenca y precisamente donde se levant\u00f3 el templo de \u00e9sta parroquia, sitio en el que en 1870 ten\u00eda su humilde casa, por no decir choza, la indiezuela Petrona Trastajo que acogi\u00f3 en su lecho a mi madre, la cual abusando de lo robusto de su complexi\u00f3n, y no obstante la mayor\u00eda de sus meses hab\u00eda ido de Surampalti a Santa Rosa, una legua de camino y excesivamente ondulado, a o\u00edr a misa de domingo.<\/p><p>El 26 de junio del a\u00f1o de 1933 el ilustre Concejo Municipal de Cuenca tomo en consideraci\u00f3n el patriotismo, la ciencia y los m\u00e9ritos sobresalientes del Dr. Octavio Cordero Palacios, acord\u00f3 entre otras cosas, denominar parroquial Octavio Cordero Palacios, a la de Santa Rosa de sete Cant\u00f3n, cuna del ilustre hombre p\u00fablico. En efecto esta ordenanza municipal fue discutida los d\u00edas 2, 16 y 26 de junio de 1933, con voto favorable, y la jefatura pol\u00edtica del Cant\u00f3n Cuenca, a cargo del Se\u00f1or Don Luis Peralta, el 11 de noviembre del mismo a\u00f1o se decret\u00f3 el ejec\u00fatese y que se publique<br \/>por medio de la imprenta municipal. El Presidente del Concejo de ese entonces Sr. Dr. Julio Torres solicit\u00f3 la aprobaci\u00f3n al se\u00f1or Ministro del Gobierno y Municipalidades en oficio del 25 de octubre de 1933, consiguiendo la aprobaci\u00f3n solicitada el 31 de octubre del mismo a\u00f1o firmada por el Se\u00f1os F. G\u00f3mez de la Torre, Ministro de Gobierno y Municipalidades, quedando en consecuencia denominada Octavio Cordero Palacios, uno de sus hijos celebres de la parroquia Santa Rosa, en cuanto a lo eclesi\u00e1stico nada se ha innovado.<\/p><p>La huelga de los indios en los a\u00f1os 1919, 1920 y 1921 capitaneadas por un tal Quiroga, quemaron el archivo del registro civil, los libros y \u00fatiles escolares de las ni\u00f1as, ha sido lo m\u00e1s destacado en la historia.<\/p>\t\t\t\t\t\t<\/div>\n\t\t\t\t<\/div>\n\t\t\t\t\t<\/div>\n\t\t\t\t<\/div>\n\t\t\t\t<\/div>\n\t\t","protected":false},"excerpt":{"rendered":"<p>ADMINISTRACI\u00d3N 2023 &#8211; 2027 Historia OCTAVIO CORDERO PALACIOS(SANTA ROSA) Esta parroquia se fund\u00f3 con denominaci\u00f3n propia y conocida el d\u00eda [&hellip;]<\/p>\n","protected":false},"author":1,"featured_media":0,"parent":0,"menu_order":0,"comment_status":"closed","ping_status":"closed","template":"","meta":{"site-sidebar-layout":"no-sidebar","site-content-layout":"","ast-site-content-layout":"full-width-container","site-content-style":"default","site-sidebar-style":"default","ast-global-header-display":"","ast-banner-title-visibility":"","ast-main-header-display":"","ast-hfb-above-header-display":"","ast-hfb-below-header-display":"","ast-hfb-mobile-header-display":"","site-post-title":"disabled","ast-breadcrumbs-content":"","ast-featured-img":"disabled","footer-sml-layout":"","theme-transparent-header-meta":"","adv-header-id-meta":"","stick-header-meta":"","header-above-stick-meta":"","header-main-stick-meta":"","header-below-stick-meta":"","astra-migrate-meta-layouts":"default","ast-page-background-enabled":"default","ast-page-background-meta":{"desktop":{"background-color":"var(--ast-global-color-4)","background-image":"","background-repeat":"repeat","background-position":"center center","background-size":"auto","background-attachment":"scroll","background-type":"","background-media":"","overlay-type":"","overlay-color":"","overlay-gradient":""},"tablet":{"background-color":"","background-image":"","background-repeat":"repeat","background-position":"center center","background-size":"auto","background-attachment":"scroll","background-type":"","background-media":"","overlay-type":"","overlay-color":"","overlay-gradient":""},"mobile":{"background-color":"","background-image":"","background-repeat":"repeat","background-position":"center center","background-size":"auto","background-attachment":"scroll","background-type":"","background-media":"","overlay-type":"","overlay-color":"","overlay-gradient":""}},"ast-content-background-meta":{"desktop":{"background-color":"var(--ast-global-color-5)","background-image":"","background-repeat":"repeat","background-position":"center center","background-size":"auto","background-attachment":"scroll","background-type":"","background-media":"","overlay-type":"","overlay-color":"","overlay-gradient":""},"tablet":{"background-color":"var(--ast-global-color-5)","background-image":"","background-repeat":"repeat","background-position":"center center","background-size":"auto","background-attachment":"scroll","background-type":"","background-media":"","overlay-type":"","overlay-color":"","overlay-gradient":""},"mobile":{"background-color":"var(--ast-global-color-5)","background-image":"","background-repeat":"repeat","background-position":"center center","background-size":"auto","background-attachment":"scroll","background-type":"","background-media":"","overlay-type":"","overlay-color":"","overlay-gradient":""}},"footnotes":""},"class_list":["post-2833","page","type-page","status-publish","hentry"],"_links":{"self":[{"href":"https:\/\/octaviocordero.gob.ec\/index.php\/wp-json\/wp\/v2\/pages\/2833","targetHints":{"allow":["GET"]}}],"collection":[{"href":"https:\/\/octaviocordero.gob.ec\/index.php\/wp-json\/wp\/v2\/pages"}],"about":[{"href":"https:\/\/octaviocordero.gob.ec\/index.php\/wp-json\/wp\/v2\/types\/page"}],"author":[{"embeddable":true,"href":"https:\/\/octaviocordero.gob.ec\/index.php\/wp-json\/wp\/v2\/users\/1"}],"replies":[{"embeddable":true,"href":"https:\/\/octaviocordero.gob.ec\/index.php\/wp-json\/wp\/v2\/comments?post=2833"}],"version-history":[{"count":19,"href":"https:\/\/octaviocordero.gob.ec\/index.php\/wp-json\/wp\/v2\/pages\/2833\/revisions"}],"predecessor-version":[{"id":3178,"href":"https:\/\/octaviocordero.gob.ec\/index.php\/wp-json\/wp\/v2\/pages\/2833\/revisions\/3178"}],"wp:attachment":[{"href":"https:\/\/octaviocordero.gob.ec\/index.php\/wp-json\/wp\/v2\/media?parent=2833"}],"curies":[{"name":"wp","href":"https:\/\/api.w.org\/{rel}","templated":true}]}}