{"id":244,"date":"2019-01-10T22:02:08","date_gmt":"2019-01-10T22:02:08","guid":{"rendered":"https:\/\/octaviocordero.gob.ec\/?page_id=244"},"modified":"2019-01-10T22:02:08","modified_gmt":"2019-01-10T22:02:08","slug":"turismo","status":"publish","type":"page","link":"https:\/\/octaviocordero.gob.ec\/index.php\/turismo\/","title":{"rendered":"TURISMO"},"content":{"rendered":"<p>La parroquia goza de una gran diversidad microclim\u00e1tica, y una gran riqueza en humedales al norte de la parroquia, donde nacen las fuentes de agua para el consumo humano y para riego, estas zonas encierran en si una gran diversidad de flora y fauna que son \u00fanicas en la regi\u00f3n.<\/p>\n<p>El rio Sidcay que atraviesa toda la parroquia, permite el desarrollo de actividades de distracci\u00f3n y deporte especialmente la pesca a nivel artesanal.<\/p>\n<p>Por ser una parroquia netamente religiosa cada una de sus comunidades celebra las fiestas en honor a su patrono. Con la debida anticipaci\u00f3n los habitantes\u00a0 de la comunidad se re\u00fanen para planificar la festividades y nombrar comisiones en lo religioso, cultural y deportivo.<\/p>\n<p>Una vez elaborado el programa no puede faltar las invitaciones utilizando como medio de comunicaci\u00f3n la radio.\u00a0 Llegado los d\u00edas de fiesta los cohetes acompa\u00f1ado de la banda de m\u00fasicos\u00a0 dan inicio a las festividades, no puede faltar el d\u00eda de v\u00edsperas la vaca loca, el indio Lorenzo, la mama Juana, los disfrazados y el Castillo.<\/p>\n<p>Cabe destacar que en lo religioso la celebraci\u00f3n de la misa y procesi\u00f3n es la parte principal de la fiesta, luego se contin\u00faa con los concursos de danza folkl\u00f3rica\u00a0 y aut\u00f3ctona, y por supuesto no faltan los encuentros deportivos, para finalizar con shows art\u00edsticos bailables.<\/p>\n<p><strong>Calendario de Festividades<\/strong><\/p>\n<table width=\"0\">\n<tbody>\n<tr>\n<td width=\"161\"><strong>COMUNIDAD<\/strong><\/td>\n<td width=\"132\"><strong>FECHA<\/strong><\/td>\n<td width=\"226\"><strong>PATRONO<\/strong><\/td>\n<\/tr>\n<tr>\n<td width=\"161\">La Nube<\/td>\n<td width=\"132\">1 de enero<\/td>\n<td width=\"226\">Virgen de La Nube<\/td>\n<\/tr>\n<tr>\n<td width=\"161\">Adobepamba<\/td>\n<td width=\"132\">15 de junio<\/td>\n<td width=\"226\">Coraz\u00f3n de Jes\u00fas<\/td>\n<\/tr>\n<tr>\n<td width=\"161\">Coraz\u00f3n de Jes\u00fas<\/td>\n<td width=\"132\">21 de junio<\/td>\n<td width=\"226\">Coraz\u00f3n de Jes\u00fas<\/td>\n<\/tr>\n<tr>\n<td width=\"161\">Patr\u00f3n Santiago<\/td>\n<td width=\"132\">24 de julio<\/td>\n<td width=\"226\">Patr\u00f3n Santiago<\/td>\n<\/tr>\n<tr>\n<td width=\"161\">Azhapud<\/td>\n<td width=\"132\">15 de agosto<\/td>\n<td width=\"226\">Virgen del Roc\u00edo<\/td>\n<\/tr>\n<tr>\n<td width=\"161\">San Jacinto<\/td>\n<td width=\"132\">15 de agosto<\/td>\n<td width=\"226\">San Jacinto<\/td>\n<\/tr>\n<tr>\n<td width=\"161\">El Roc\u00edo<\/td>\n<td width=\"132\">15 de agosto<\/td>\n<td width=\"226\">Virgen del Roc\u00edo<\/td>\n<\/tr>\n<tr>\n<td width=\"161\">San Luis de Parcoloma<\/td>\n<td width=\"132\">19 de agosto<\/td>\n<td width=\"226\">San Luis Rey de Francia<\/td>\n<\/tr>\n<tr>\n<td width=\"161\">San Bartolo<\/td>\n<td width=\"132\">24 de agosto<\/td>\n<td width=\"226\">San Bartolo<\/td>\n<\/tr>\n<tr>\n<td width=\"161\">Centro parroquial<\/td>\n<td width=\"132\">30 de agosto<\/td>\n<td width=\"226\">Santa Rosa<\/td>\n<\/tr>\n<tr>\n<td width=\"161\">La Dolorosa<\/td>\n<td width=\"132\">8 de septiembre<\/td>\n<td width=\"226\">Virgen Dolorosa<\/td>\n<\/tr>\n<tr>\n<td width=\"161\">El Cisne<\/td>\n<td width=\"132\">14 de septiembre<\/td>\n<td width=\"226\">Virgen del Cisne<\/td>\n<\/tr>\n<tr>\n<td width=\"161\">Centro parroquial<\/td>\n<td width=\"132\">24 de septiembre<\/td>\n<td width=\"226\">Se\u00f1or de La Buena Muerte<\/td>\n<\/tr>\n<tr>\n<td width=\"161\">El Calvario<\/td>\n<td width=\"132\">24 de septiembre<\/td>\n<td width=\"226\">Se\u00f1or de Los Milagros<\/td>\n<\/tr>\n<tr>\n<td width=\"161\">San Vicente<\/td>\n<td width=\"132\">14 de octubre<\/td>\n<td width=\"226\">Se\u00f1or de Los Milagros<\/td>\n<\/tr>\n<tr>\n<td width=\"161\">Centro parroquial<\/td>\n<td width=\"132\">30 de octubre<\/td>\n<td width=\"226\">Aniversario de Parroquializaci\u00f3n<\/td>\n<\/tr>\n<tr>\n<td width=\"161\">Cristo del Consuelo<\/td>\n<td width=\"132\">15 de octubre<\/td>\n<td width=\"226\">Cristo del Consuelo<\/td>\n<\/tr>\n<tr>\n<td width=\"161\">Santa Marianita<\/td>\n<td width=\"132\">2 de noviembre<\/td>\n<td width=\"226\">Santa Marianita<\/td>\n<\/tr>\n<\/tbody>\n<\/table>\n<p>&nbsp;<\/p>\n<p>Entre los eventos religiosos caracter\u00edsticos de la parroquia tenemos:<\/p>\n<p><strong>SEMANA SANTA<\/strong><\/p>\n<p><strong>FOTO A:<\/strong> Procesi\u00f3n de Ramos<\/p>\n<p>La iglesia realiza diferentes actividades religiosas, tales como: la procesi\u00f3n de Ramos, la representaci\u00f3n del pasaje b\u00edblico \u201cLa pasi\u00f3n de Cristo\u201d, eventos que concentran a toda la poblaci\u00f3n como tambi\u00e9n a peregrinos de otras parroquias y de la ciudad.<\/p>\n<p><strong>NAVIDAD<\/strong><\/p>\n<p><strong>FOTO B y FOTO C<\/strong><\/p>\n<p>La navidad es otro evento de gran importancia puesto que cada una de las comunidades se organiza de mejor manera para celebrar el nacimiento de Jes\u00fas en el gran pase del ni\u00f1o.<\/p>\n<p><strong>VENERACI\u00d3N A LA PATRONA SANTA ROSA<\/strong><\/p>\n<p><strong>FOTO D: Procesi\u00f3n con la imagen de Santa Rosa de Lima.<\/strong><\/p>\n<p>El pueblo de Octavio Cordero rinde homenaje a\u00f1o tras a\u00f1o a la Patrona Santa Rosa, con la realizaci\u00f3n de actividades culturales, deportivas y religiosas.<\/p>\n<p><strong>\u00a0<\/strong><\/p>\n<p><strong>MANIFESTACIONES CULTURALES<\/strong><\/p>\n<p><strong>\u00a0<\/strong><\/p>\n<p><strong>FOTO E: Baile de la Escaramuza<\/strong><\/p>\n<p>Esta tradici\u00f3n se ha mantenido a lo largo de los a\u00f1os, en las fiestas religiosas patronales en la parroquia.<\/p>\n<p><strong>FOTO F: Baile de las comparsas<\/strong><\/p>\n<p>Es tradici\u00f3n en las fiestas religiosas el baile de las comparsas, que consiste en la representaci\u00f3n de varios personajes c\u00f3micos.<\/p>\n","protected":false},"excerpt":{"rendered":"<p>La parroquia goza de una gran diversidad microclim\u00e1tica, y una gran riqueza en humedales al norte de la parroquia, donde [&hellip;]<\/p>\n","protected":false},"author":1,"featured_media":0,"parent":0,"menu_order":0,"comment_status":"closed","ping_status":"closed","template":"","meta":{"site-sidebar-layout":"default","site-content-layout":"","ast-site-content-layout":"","site-content-style":"default","site-sidebar-style":"default","ast-global-header-display":"","ast-banner-title-visibility":"","ast-main-header-display":"","ast-hfb-above-header-display":"","ast-hfb-below-header-display":"","ast-hfb-mobile-header-display":"","site-post-title":"","ast-breadcrumbs-content":"","ast-featured-img":"","footer-sml-layout":"","theme-transparent-header-meta":"","adv-header-id-meta":"","stick-header-meta":"","header-above-stick-meta":"","header-main-stick-meta":"","header-below-stick-meta":"","astra-migrate-meta-layouts":"default","ast-page-background-enabled":"default","ast-page-background-meta":{"desktop":{"background-color":"var(--ast-global-color-4)","background-image":"","background-repeat":"repeat","background-position":"center center","background-size":"auto","background-attachment":"scroll","background-type":"","background-media":"","overlay-type":"","overlay-color":"","overlay-gradient":""},"tablet":{"background-color":"","background-image":"","background-repeat":"repeat","background-position":"center center","background-size":"auto","background-attachment":"scroll","background-type":"","background-media":"","overlay-type":"","overlay-color":"","overlay-gradient":""},"mobile":{"background-color":"","background-image":"","background-repeat":"repeat","background-position":"center center","background-size":"auto","background-attachment":"scroll","background-type":"","background-media":"","overlay-type":"","overlay-color":"","overlay-gradient":""}},"ast-content-background-meta":{"desktop":{"background-color":"var(--ast-global-color-5)","background-image":"","background-repeat":"repeat","background-position":"center center","background-size":"auto","background-attachment":"scroll","background-type":"","background-media":"","overlay-type":"","overlay-color":"","overlay-gradient":""},"tablet":{"background-color":"var(--ast-global-color-5)","background-image":"","background-repeat":"repeat","background-position":"center center","background-size":"auto","background-attachment":"scroll","background-type":"","background-media":"","overlay-type":"","overlay-color":"","overlay-gradient":""},"mobile":{"background-color":"var(--ast-global-color-5)","background-image":"","background-repeat":"repeat","background-position":"center center","background-size":"auto","background-attachment":"scroll","background-type":"","background-media":"","overlay-type":"","overlay-color":"","overlay-gradient":""}},"footnotes":""},"class_list":["post-244","page","type-page","status-publish","hentry"],"_links":{"self":[{"href":"https:\/\/octaviocordero.gob.ec\/index.php\/wp-json\/wp\/v2\/pages\/244","targetHints":{"allow":["GET"]}}],"collection":[{"href":"https:\/\/octaviocordero.gob.ec\/index.php\/wp-json\/wp\/v2\/pages"}],"about":[{"href":"https:\/\/octaviocordero.gob.ec\/index.php\/wp-json\/wp\/v2\/types\/page"}],"author":[{"embeddable":true,"href":"https:\/\/octaviocordero.gob.ec\/index.php\/wp-json\/wp\/v2\/users\/1"}],"replies":[{"embeddable":true,"href":"https:\/\/octaviocordero.gob.ec\/index.php\/wp-json\/wp\/v2\/comments?post=244"}],"version-history":[{"count":1,"href":"https:\/\/octaviocordero.gob.ec\/index.php\/wp-json\/wp\/v2\/pages\/244\/revisions"}],"predecessor-version":[{"id":245,"href":"https:\/\/octaviocordero.gob.ec\/index.php\/wp-json\/wp\/v2\/pages\/244\/revisions\/245"}],"wp:attachment":[{"href":"https:\/\/octaviocordero.gob.ec\/index.php\/wp-json\/wp\/v2\/media?parent=244"}],"curies":[{"name":"wp","href":"https:\/\/api.w.org\/{rel}","templated":true}]}}

<p>La parroquia goza de una gran diversidad microclimática, y una gran riqueza en humedales al norte de la parroquia, donde nacen las fuentes de agua para el consumo humano y para riego, estas zonas encierran en si una gran diversidad de flora y fauna que son únicas en la región.</p>
<p>El rio Sidcay que atraviesa toda la parroquia, permite el desarrollo de actividades de distracción y deporte especialmente la pesca a nivel artesanal.</p>
<p>Por ser una parroquia netamente religiosa cada una de sus comunidades celebra las fiestas en honor a su patrono. Con la debida anticipación los habitantes  de la comunidad se reúnen para planificar la festividades y nombrar comisiones en lo religioso, cultural y deportivo.</p>
<p>Una vez elaborado el programa no puede faltar las invitaciones utilizando como medio de comunicación la radio.  Llegado los días de fiesta los cohetes acompañado de la banda de músicos  dan inicio a las festividades, no puede faltar el día de vísperas la vaca loca, el indio Lorenzo, la mama Juana, los disfrazados y el Castillo.</p>
<p>Cabe destacar que en lo religioso la celebración de la misa y procesión es la parte principal de la fiesta, luego se continúa con los concursos de danza folklórica  y autóctona, y por supuesto no faltan los encuentros deportivos, para finalizar con shows artísticos bailables.</p>
<p><strong>Calendario de Festividades</strong></p>
<table width="0">
<tbody>
<tr>
<td width="161"><strong>COMUNIDAD</strong></td>
<td width="132"><strong>FECHA</strong></td>
<td width="226"><strong>PATRONO</strong></td>
</tr>
<tr>
<td width="161">La Nube</td>
<td width="132">1 de enero</td>
<td width="226">Virgen de La Nube</td>
</tr>
<tr>
<td width="161">Adobepamba</td>
<td width="132">15 de junio</td>
<td width="226">Corazón de Jesús</td>
</tr>
<tr>
<td width="161">Corazón de Jesús</td>
<td width="132">21 de junio</td>
<td width="226">Corazón de Jesús</td>
</tr>
<tr>
<td width="161">Patrón Santiago</td>
<td width="132">24 de julio</td>
<td width="226">Patrón Santiago</td>
</tr>
<tr>
<td width="161">Azhapud</td>
<td width="132">15 de agosto</td>
<td width="226">Virgen del Rocío</td>
</tr>
<tr>
<td width="161">San Jacinto</td>
<td width="132">15 de agosto</td>
<td width="226">San Jacinto</td>
</tr>
<tr>
<td width="161">El Rocío</td>
<td width="132">15 de agosto</td>
<td width="226">Virgen del Rocío</td>
</tr>
<tr>
<td width="161">San Luis de Parcoloma</td>
<td width="132">19 de agosto</td>
<td width="226">San Luis Rey de Francia</td>
</tr>
<tr>
<td width="161">San Bartolo</td>
<td width="132">24 de agosto</td>
<td width="226">San Bartolo</td>
</tr>
<tr>
<td width="161">Centro parroquial</td>
<td width="132">30 de agosto</td>
<td width="226">Santa Rosa</td>
</tr>
<tr>
<td width="161">La Dolorosa</td>
<td width="132">8 de septiembre</td>
<td width="226">Virgen Dolorosa</td>
</tr>
<tr>
<td width="161">El Cisne</td>
<td width="132">14 de septiembre</td>
<td width="226">Virgen del Cisne</td>
</tr>
<tr>
<td width="161">Centro parroquial</td>
<td width="132">24 de septiembre</td>
<td width="226">Señor de La Buena Muerte</td>
</tr>
<tr>
<td width="161">El Calvario</td>
<td width="132">24 de septiembre</td>
<td width="226">Señor de Los Milagros</td>
</tr>
<tr>
<td width="161">San Vicente</td>
<td width="132">14 de octubre</td>
<td width="226">Señor de Los Milagros</td>
</tr>
<tr>
<td width="161">Centro parroquial</td>
<td width="132">30 de octubre</td>
<td width="226">Aniversario de Parroquialización</td>
</tr>
<tr>
<td width="161">Cristo del Consuelo</td>
<td width="132">15 de octubre</td>
<td width="226">Cristo del Consuelo</td>
</tr>
<tr>
<td width="161">Santa Marianita</td>
<td width="132">2 de noviembre</td>
<td width="226">Santa Marianita</td>
</tr>
</tbody>
</table>
<p>&nbsp;</p>
<p>Entre los eventos religiosos característicos de la parroquia tenemos:</p>
<p><strong>SEMANA SANTA</strong></p>
<p><strong>FOTO A:</strong> Procesión de Ramos</p>
<p>La iglesia realiza diferentes actividades religiosas, tales como: la procesión de Ramos, la representación del pasaje bíblico “La pasión de Cristo”, eventos que concentran a toda la población como también a peregrinos de otras parroquias y de la ciudad.</p>
<p><strong>NAVIDAD</strong></p>
<p><strong>FOTO B y FOTO C</strong></p>
<p>La navidad es otro evento de gran importancia puesto que cada una de las comunidades se organiza de mejor manera para celebrar el nacimiento de Jesús en el gran pase del niño.</p>
<p><strong>VENERACIÓN A LA PATRONA SANTA ROSA</strong></p>
<p><strong>FOTO D: Procesión con la imagen de Santa Rosa de Lima.</strong></p>
<p>El pueblo de Octavio Cordero rinde homenaje año tras año a la Patrona Santa Rosa, con la realización de actividades culturales, deportivas y religiosas.</p>
<p><strong> </strong></p>
<p><strong>MANIFESTACIONES CULTURALES</strong></p>
<p><strong> </strong></p>
<p><strong>FOTO E: Baile de la Escaramuza</strong></p>
<p>Esta tradición se ha mantenido a lo largo de los años, en las fiestas religiosas patronales en la parroquia.</p>
<p><strong>FOTO F: Baile de las comparsas</strong></p>
<p>Es tradición en las fiestas religiosas el baile de las comparsas, que consiste en la representación de varios personajes cómicos.</p>

<p>La parroquia goza de una gran diversidad microclimática, y una gran riqueza en humedales al norte de la parroquia, donde [&hellip;]</p>
